e greatest common divisor of j and 20.
4
Suppose 0 = -b - 1, -3*y + y - b + 17 = 0. What is the highest common divisor of 12 and y?
3
Let l be -158 + (0 - 0) + -1. Let p = l - -340. Suppose -2*s + p + 2 = 3*h, -s + 4*h = -108. What is the greatest common factor of 16 and s?
16
Let y(q) = -q**2 + q + 3. Let b be y(-4). Let c = -12 - b. What is the highest common factor of c and 35?
5
Let y(z) = z**3 + 2*z**2 - 2*z + 1. Let f be y(-3). Let r be f - -2 - -1 - 5. Let s = 1 - r. What is the highest common factor of 2 and s?
1
Let l(r) = 2 - 2 - 6 + 2*r**2 - 4*r - 7*r. Let y be l(8). Suppose -9*c + 34 = -7*c. What is the greatest common factor of y and c?
17
Let l(u) = -u**3 - 3*u**2 + 9*u + 10. Let d be l(-5). Calculate the greatest common factor of 120 and d.
15
Let n be -27 - (2 + -2*1). Let r = -5 - n. Calculate the greatest common factor of 11 and r.
11
Let t = -101 + 178. Suppose 0 = -c + b + 7, -c = -0*c + 2*b - 19. What is the greatest common factor of c and t?
11
Let n(r) = -3*r**2 + 1. Let y be n(1). Let f(o) = -58*o - 2. Let s be f(y). Let p be s/8 + 18/24. What is the greatest common divisor of p and 10?
5
Let g(c) = 72*c. Let z(u) = u**3 + 6*u**2 + u + 8. Let m be z(-6). Let k be g(m). Calculate the highest common divisor of k and 18.
18
Let k(q) = -q**3 + 6*q**2 - 11*q + 11. Let d be k(3). Calculate the highest common divisor of d and 35.
5
Suppose -h + 6*h = -10. Let z be 1/(h/32*-2). Calculate the greatest common factor of 56 and z.
8
Let z be 3 - (-153 + 0/1). Calculate the greatest common factor of z and 12.
12
Let f(w) = -w**2 + 9. Let y be f(0). Suppose -a = -20 + y. Let b(h) = 3*h + 2. Let u be b(3). What is the greatest common factor of a and u?
11
Let c = 5 + -2. Suppose -x - 5*f = -0*f + 10, c*x - 4*f - 46 = 0. Calculate the greatest common factor of x and 10.
10
Let t = 3 - -4. Let r be (-2)/2*3/3. Let m = r - -2. Calculate the greatest common divisor of t and m.
1
Suppose 24*c - 14 = 23*c. Calculate the greatest common factor of c and 112.
14
Let s(w) = w**2 + 7*w. Let b be s(-7). Suppose t = -b + 3. Let y be 2/t*(4 - 1). What is the highest common factor of y and 10?
2
Suppose 4*k + 92 = 152. Calculate the greatest common factor of k and 3.
3
Let w(b) = -b**3 - 17*b**2 + 12. Let d be w(-17). Calculate the highest common factor of 156 and d.
12
Let q(o) = 9*o**2 - 2*o + 1. Let c be q(2). Let v(h) = -28*h**3 + 2*h**2 - h - 3. Let x be v(-2). What is the greatest common factor of c and x?
33
Suppose -5*h + 2*h = 2*v - 4, -2*h - 5*v - 12 = 0. Let s be ((-27)/(-15))/(9/30). Let m be 722/s + h/(-12). What is the greatest common factor of 15 and m?
15
Suppose 20 = -j - 2*c, 5*j = -0*j + 3*c - 48. Let k(h) = h + 13. Let m be k(j). What is the greatest common factor of m and 7?
1
Let y be (16/(-4))/(-1*1). What is the highest common factor of y and 10?
2
Let g be 346/18 + 6/(-27). What is the highest common factor of g and 209?
19
Suppose 0 = -h + 5*k - 14, -3*h + 3*k - 2*k = 0. Calculate the greatest common divisor of h and 11.
1
Let z = -8 + 26. Calculate the greatest common divisor of z and 45.
9
Let v = -121 - -169. Suppose 0 = 5*c - 4*x - 500, -c + 63 = -3*x - v. What is the highest common divisor of c and 24?
24
Let w be 2/(2*(-2)/(-18)). What is the highest common divisor of 63 and w?
9
Let j = 10 + -4. What is the highest common divisor of 6 and j?
6
Let d = -14 + 12. Let p be (2 + 33)/(d/(-2)). What is the greatest common factor of 7 and p?
7
Let x(g) = 2 - 3*g + 4*g + 5 - 8. Let j be x(-8). Let i be 2/9 - 61/j. Calculate the greatest common divisor of 49 and i.
7
Let z(s) = -72*s**3 - 2*s**2 + 1. Let u be z(1). Let a = -17 - u. Suppose 0 = k - 5*k + a. Calculate the greatest common factor of k and 42.
14
Suppose 4*z = 12, -4*s - 14 = 4*z - 50. Let j be -1*(4 - 3) + s. Suppose 0 = 4*q - 185 + 25. What is the greatest common divisor of j and q?
5
Let f = 3 - 1. Suppose 14 = -5*s - 1. Let c = s + 7. What is the highest common factor of f and c?
2
Suppose -4*y = -4*d + 16, -y + d - 6 = -2*d. Let z be 14/y*(-12)/8. Calculate the highest common divisor of z and 21.
7
Let b = 5 - -1. Suppose 3*s = b*s - 27. Let l = 7 + -1. Calculate the highest common divisor of s and l.
3
Suppose 3*q = 3, -3*o = 4*q - 8 - 29. Let k be 24505/203 + 2/7. Calculate the highest common divisor of o and k.
11
Let k be 0 - 2*(-6)/4. Suppose 5*z - d = d + 33, k*z - d - 19 = 0. Let h(i) = 4*i**2 + 3*i - 5. Let m be h(z). Calculate the highest common factor of 10 and m.
10
Let s(u) = 2*u - 2*u**2 + 3*u**2 + 2 - 5. Let y be s(3). Suppose 8*a + 185 = 3*d + 3*a, 56 = d + 4*a. What is the greatest common factor of y and d?
12
Let j be 18/5 + 2/5. Let s be (4/(-5))/((-8)/60). Let r be ((-80)/s)/4*-6. What is the greatest common divisor of j and r?
4
Let f = 55 - -5. Let o be (36/(-21))/((-3)/84). Suppose -4*c + 4*y + 72 = 0, -5*y - 27 = -4*c + o. Calculate the highest common divisor of f and c.
15
Suppose -2*p - 8 = 4*y, -4*p + p - 18 = 3*y. Let q be -44*(14/p + 1). Suppose -4*w + 22 = -2*w. What is the highest common factor of q and w?
11
Let q = 20 - -1. Let s(j) = 10*j + 2. Let b(x) = -20*x - 3. Let l(w) = 3*b(w) + 5*s(w). Let h be l(-2). Calculate the greatest common divisor of q and h.
21
Let x be 23 - (-4)/((-16)/4)*-1. What is the highest common divisor of 264 and x?
24
Suppose 21 = 3*r - 33. Let l be ((-9)/6)/((-1)/(-46)). Let v = l + 114. Calculate the highest common divisor of v and r.
9
Let y(w) = -7*w + 6. Let a(u) = 4*u - 3. Let i(m) = -11*a(m) - 6*y(m). Let l be i(-3). Let p be (-9)/27*(-162)/2. What is the highest common divisor of l and p?
3
Let c(l) = -l + 4. Let u be c(-2). Suppose -4*t = -i - u, -i + t = i - 9. Calculate the greatest common factor of 6 and i.
6
Suppose 2*y = -3 + 11. What is the greatest common divisor of y and 16?
4
Let t be ((-16)/20)/(4/(-10)). Suppose -t*u + 2 = -0. What is the highest common divisor of 8 and u?
1
Suppose 3*a = -u - 2*u, -5*a + 5 = 0. Let c = u - 5. Let f be (-57)/(-5) + c/(-10). Calculate the greatest common factor of 60 and f.
12
Let u(g) = 3*g - 4. Let x be u(3). Suppose x*n - 188 = -28. Calculate the highest common factor of n and 80.
16
Let r = -17 - -34. Let s(d) = 14*d**2 + 4*d + 5. Let m be s(-3). What is the greatest common divisor of r and m?
17
Let y = 61 + -171. Let d = y - -214. Calculate the highest common factor of 13 and d.
13
Let z be 176/(-55)*7/(14/(-120)). Calculate the highest common factor of 32 and z.
32
Let z be -1*(0 + (-12)/4). Calculate the greatest common factor of z and 3.
3
Suppose 3*m + d - 592 = 0, 4*m + 256 - 1038 = -5*d. What is the highest common divisor of 18 and m?
18
Let s be 8 - 1 - (0 - -2). What is the greatest common divisor of s and 40?
5
Let f be (-12)/4 - -12 - -1. Calculate the highest common factor of f and 20.
10
Let p(a) = -a**3 + 7*a**2 + 11*a - 7. Let g be p(8). Calculate the highest common factor of g and 34.
17
Let b be (-2)/(18/(-14) + 1). Suppose -21 = -3*w - 3*d, -2*w - 2*w + 3*d - 7 = 0. Let z be b - (-2)/4*w. Calculate the greatest common divisor of z and 4.
4
Let w(v) = v**2 - 3*v + 4. Let m(s) = s**2 - 7*s + 3. Let t be m(6). Let j be w(t). Let y be 220/(-6)*6/(-4). Calculate the greatest common factor of y and j.
11
Suppose 0 = 3*w + f - 73, 3*w - 77 = -0*f + f. What is the greatest common divisor of w and 275?
25
Let x be 0/1 - (0 + -3). Suppose -4*l - 26 = x*n - 350, -297 = -3*n + 5*l. Suppose -4*f + 64 = -n. Calculate the greatest common factor of 14 and f.
14
Suppose 39 = 12*z - 525. What is the highest common divisor of z and 188?
47
Let v be (4 + -9)*14/(-5). Suppose 3*k = -5*n + k + 27, 4*n + k - 24 = 0. Calculate the highest common factor of n and v.
7
Let n(k) = -2*k**3 - 3*k**2 + k. Suppose p - 2 + 5 = 0. Let q be n(p). Calculate the highest common divisor of q and 60.
12
Let d = -201 - -306. Let t be 2 + 4 + (-9)/(-6)*6. What is the highest common factor of t and d?
15
Let n(q) = -6*q - 3. Let v be n(-2). Suppose -3*t + v = -a, -4*t + t = 3*a - 33. Let y be (-3)/a - 20/(-8). Calculate the highest common factor of y and 5.
1
Suppose 112 = -0*s - 4*s. Let z = -20 - s. Let b = -18 + 50. What is the highest common divisor of b and z?
8
Let g be 1*1/(1 + 0). Suppose -o + 10 = -g. Calculate the greatest common factor of 33 and o.
11
S